ose 64 = -9*g - o. Let q = -24 - g. What are the prime factors of q?
2
Suppose -345*l - 429 = -346*l. List the prime factors of l.
3, 11, 13
Let f(q) be the second derivative of 5*q**4/12 + q**3/6 + 2*q. Let t be f(-2). What are the prime factors of 0/(-2) + t + 4?
2, 11
Suppose -12 = -5*u + 2*u. Suppose -2*x - u*w + 17 = -x, -3*w = -6. What are the prime factors of (-3)/x - (-345)/9?
2, 19
Let t(w) = 63*w - 57. List the prime factors of t(11).
2, 3, 53
Suppose -2*n = 5*p - 1261, -4*n = -17*p + 19*p - 2546. What are the prime factors of n?
2, 11, 29
Let g(u) = -u**3 - u**2 + 20*u - 1. Let h(y) = y**2 + 4*y - 2. Let o be h(-2). List the prime factors of g(o).
59
What are the prime factors of (68/(-5))/(28/(-2590))?
2, 17, 37
Let b = 102 - -384. Let i = b + -254. List the prime factors of i.
2, 29
Let q(a) = a**2 + 6*a + 7. Let h be q(-5). Let c = h - -16. What are the prime factors of c?
2, 3
Let p(k) = 58*k - 44. Let c be p(8). List the prime factors of (6/4)/(10/c).
3, 7
Let f be (-20)/6*12/10. Let m be 2 + 40/(f + 2). What are the prime factors of (5 - -2)*m/(-6)?
3, 7
Let s = 439 - 232. What are the prime factors of s?
3, 23
Let m(v) = -v**3 - 7*v**2 - 6*v + 1. Let r(g) = -g**2 - 11*g - 6. Let h be r(-11). Let b be m(h). List the prime factors of (-2 + (-21)/(-1))/b.
19
Suppose -6 = 4*m - m. Let o be m - -2 - (-8)/(-4). List the prime factors of ((-38)/4 + 1)*o.
17
Suppose 33*m + n = 38*m - 18958, -3*m = n - 11370. What are the prime factors of m?
17, 223
Let z = -226 - -398. List the prime factors of z.
2, 43
Suppose -4*u - 1 = -29. Let t = u + -7. Suppose t*h + 3*h - 96 = 0. List the prime factors of h.
2
Let a = -1512 + 2036. List the prime factors of a.
2, 131
Let d be 0 - (68/4 + 1). Let q = -16 - d. Suppose 5*n - 33 = -q*k - 1, 0 = -5*k - 2*n + 80. List the prime factors of k.
2
Suppose -370 = 103*q - 104*q. What are the prime factors of q?
2, 5, 37
Let i(r) = 19*r**2 - 11*r - 32. What are the prime factors of i(7)?
2, 3, 137
Let h(y) = -2*y + 1. Let t be h(4). Let u = 14 + t. Let x(w) = -w**3 + 7*w**2 + 10*w - 8. List the prime factors of x(u).
2, 31
Let j(k) = -154*k - 285. What are the prime factors of j(-6)?
3, 71
Let t(p) = -p**2 + 10*p - 3. Let m be t(7). Let j be (-4)/m + 2305/45. Let n = j + -31. What are the prime factors of n?
2, 5
Let d(v) = 11*v**2 - 5*v - 8. Let s be d(-5). Let u = -194 + s. What are the prime factors of u?
2, 7
Suppose 5*i - 1785 = -5*o, 3*o + 765 = 5*i - 1036. List the prime factors of i.
359
Let w(l) = 28*l - 80. List the prime factors of w(15).
2, 5, 17
Let r = -13 + 18. Suppose r*q - 11 - 14 = 0. List the prime factors of q.
5
Suppose 52*p = 51*p + 691. What are the prime factors of p?
691
Let a(h) = 3*h - 8. Suppose -2*m + 3*z + 16 = 0, m - 7 = z + 3. Suppose 3*y - m = y. What are the prime factors of a(y)?
13
Let u(m) = -m**2 - 37*m + 31. List the prime factors of u(-33).
163
Suppose 4*j - 2626 = 446. What are the prime factors of j?
2, 3
Let g(i) = i**3 + 1. Let u(v) = -5*v**3 - v**2 - 2. Let o(w) = -4*g(w) - u(w). Let m be o(0). List the prime factors of ((-90)/40)/(m/16).
2, 3
Let k(j) = -3*j**2 - j. Let f be k(-1). List the prime factors of 54 - 0*(-1)/f.
2, 3
Let y be 2/(-2) - (-1 - (2 - -3)). Suppose -141 = -y*d + 789. What are the prime factors of d?
2, 3, 31
Let r(f) = -9*f**2 - 12*f + 19. Let k(z) = -13*z**2 - 18*z + 28. Let o(g) = -5*k(g) + 7*r(g). What are the prime factors of o(-5)?
13
Suppose 4*f = 83 - 67. List the prime factors of f.
2
Let z(c) = 5*c**2 + 3*c + 22. What are the prime factors of z(5)?
2, 3
Let r = 65 + -31. Let y = -16 + r. What are the prime factors of 7*6 + -20 + y?
2, 5
Let r(q) = 4*q**2 + q - 1. Let j be r(2). Suppose -2*v + 2*t = 3*v - 28, 3*v - 5*t - 32 = 0. Let m = v + j. List the prime factors of m.
3, 7
Suppose -19*z = -8*z - 2398. List the prime factors of z.
2, 109
Let l(v) = -v**2 - 33*v - 51. List the prime factors of l(-29).
5, 13
Suppose 4*s = 4*n - s - 239, -233 = -4*n + 3*s. What are the prime factors of n?
2, 7
Let v(u) = -12*u**2 - 2*u - 11. Let d be v(-4). Let h = 428 + d. List the prime factors of h.
233
Let b = 561 + -156. What are the prime factors of b?
3, 5
Let w = -4257 + 6594. List the prime factors of w.
3, 19, 41
Suppose -c + 23 = 5*v, 0 = 5*c - 2*v + 7*v - 55. List the prime factors of ((-77)/2)/(-7)*c.
2, 11
Let z(a) = -54*a**2 - 1. Let k be z(-1). Let c = -7 - k. List the prime factors of c.
2, 3
Let u(o) = -384*o + 1. List the prime factors of u(-1).
5, 7, 11
Let g(j) = -j**2 - 7*j - 5. Let h be g(-5). Suppose -128 = -v - 5*p, h*v - 4*p = -0*v + 495. What are the prime factors of v?
103
Suppose -7*u + 1878 = -1090. List the prime factors of u.
2, 53
Suppose 4*p - 152 = n + n, 3*n + 3*p + 183 = 0. List the prime factors of (-2)/(0 + 2)*n.
2, 3, 11
Suppose n + 0*n = 2*f + 53, -2*n + 100 = -f. Suppose 0 = 2*o - 5*q - n - 22, -4*o - 4*q = -184. List the prime factors of o.
43
Let f(p) = -34*p - 14. List the prime factors of f(-2).
2, 3
Let s(o) = 148*o**2 - 6*o + 9. What are the prime factors of s(2)?
19, 31
Let d(k) = k**3 + 21*k**2 + 5*k - 23. Suppose 3*h - 80 = 3*w - 2*h, -4*h = w + 4. List the prime factors of d(w).
277
Suppose 5970 = 19*u - 4081. What are the prime factors of u?
23
Let a = 87 + -86. What are the prime factors of (-5)/(5/(-268)) - (a - 0)?
3, 89
Let o = 11 - 6. Suppose 3*h - 920 = -4*z + 7*h, -1180 = -o*z - 5*h. What are the prime factors of z?
233
Let z(w) be the second derivative of 17*w**3 + 2*w**2 - 19*w. List the prime factors of z(1).
2, 53
Suppose 19*c - 23*c = -1824. Suppose -428 = -2*u - n, 2*u + 2*n + 24 - c = 0. What are the prime factors of u?
2, 53
Suppose -4*p + p = -4*b + 2241, 2*b = 5*p + 1103. What are the prime factors of b?
2, 3, 47
Let t(a) = 5*a**3 - 12*a**2 - 7*a + 7. Let q be t(7). List the prime factors of (2 + q/15)/((-2)/(-6)).
223
Suppose 55*c + 23049 = 64*c. List the prime factors of c.
13, 197
Let j(u) = 42*u + 83. What are the prime factors of j(7)?
13, 29
Let v be ((-19)/((-95)/(-66)))/((-4)/10). Suppose 0 = -5*b + 198 - v. What are the prime factors of b?
3, 11
What are the prime factors of 1739 + -1 + (-5 - (9 - 21))?
5, 349
Let z be (2 - (-1 + 25)) + 2. Let q = 54 + z. List the prime factors of q.
2, 17
Suppose -3*j = -s - 7170, j - 3495 + 1098 = -2*s. What are the prime factors of j?
3, 797
Let f(n) = 3*n**3 + n**2 + n - 2. Suppose -3*d = -0*d - 51. Let c = d + -15. List the prime factors of f(c).
2, 7
List the prime factors of ((-11)/(-3))/(((-220)/(-3366))/10).
3, 11, 17
Let i(j) = 9*j**2 + 9*j - 13. List the prime factors of i(10).
977
Suppose 4*o + i = o - 4, 20 = -3*o - 5*i. Suppose 3*t - j - 3*j - 193 = o, -2*t - 2*j = -110. What are the prime factors of t?
59
Let w be (12/16*1)/(20/(-80)). Let o be (-4)/(-6)*(-3)/(-2). List the prime factors of ((-156)/w)/o + 0.
2, 13
Let h be 15 + (-8)/(-2) + -2 - 1. Let w(g) = 17*g - 50. List the prime factors of w(h).
2, 3, 37
Suppose -g - 5945 = -5*i, -5*i + 7*g - 4*g + 5945 = 0. What are the prime factors of i?
29, 41
Let n(c) = 216*c**2 - 4*c + 24. List the prime factors of n(3).
2, 3, 163
Let b = -421 + 1144. What are the prime factors of b?
3, 241
Suppose -5*z = -0*z. Let d be 60/(-9)*((-54)/(-8))/(-9). Suppose d*b + j - 2*j - 98 = z, 2*j + 96 = 5*b. What are the prime factors of b?
2, 5
Suppose -4*v + 58 = 5*l, 2*l - 2*v = 3*v + 10. Let x(i) = -10*i**3 + 1. Let d be x(-1). Suppose -d*o = -l*o - 20. What are the prime factors of o?
2, 5
Let d(w) = w - 1. Let k(t) = t. Let b(m) = -m**2 - 5*m + 3. Let l be b(-6). Let f(s) = l*k(s) + 6*d(s). What are the prime factors of f(18)?
2, 3
Let z = 0 - 27. Let l = 87 + z. List the prime factors of l.
2, 3, 5
Suppose 12 - 10 = -2*z. Let o(i) = -33*i**3 - i**2 - i - 1. Let k be o(z). Suppose 0 = b - 7 - k. List the prime factors of b.
3, 13
Suppose -2*u - m = -209, 3*u + 4*m = -32 + 343. List the prime factors of u.
3, 5, 7
Let d(p) = p + 8. Let v be d(-8). Suppose 3*s - 2*s - 3 = v. Suppose 0 = -2*m + s*i + 26, 3*m - 2*i - 3*i = 38. What are the prime factors of m?
2
Let b = 8 + -10. Let r be (-690)/b*(-8)/(-12). Suppose 2*k + 3*k - r = 0. What are the prime factors of k?
2, 23
Let n(y) = 4*y**2 - 3*y + 2. Let k be n(1). Suppose 7*p - 12 = k*p. What are the prime factors of p?
3
Suppose 3*a - 